9?
4
What is the ten millions digit of 1352655808?
5
What is the units digit of 47292921?
1
What is the ten millions digit of 2176177134?
7
What is the units digit of 99229415?
5
What is the thousands digit of 197301273?
1
What is the hundred thousands digit of 46623228?
6
What is the hundred thousands digit of 972279219?
2
What is the ten thousands digit of 889045531?
4
What is the ten millions digit of 397625176?
9
What is the thousands digit of 1833351380?
1
What is the ten millions digit of 43096858?
4
What is the hundred thousands digit of 622732826?
7
What is the millions digit of 636891833?
6
What is the hundreds digit of 643770588?
5
What is the hundreds digit of 95233577?
5
What is the hundred thousands digit of 1447597657?
5
What is the tens digit of 6188214117?
1
What is the ten millions digit of 528637995?
2
What is the units digit of 32500740?
0
What is the hundred millions digit of 1081973982?
0
What is the ten thousands digit of 1923986050?
8
What is the millions digit of 43608989?
3
What is the units digit of 22698330?
0
What is the hundreds digit of 23528287?
2
What is the units digit of 2369790084?
4
What is the billions digit of 1529434231?
1
What is the tens digit of 2516834562?
6
What is the hundred thousands digit of 697216622?
2
What is the hundred thousands digit of 5318769832?
7
What is the ten millions digit of 16767482?
1
What is the ten millions digit of 1245256662?
4
What is the hundred millions digit of 231009093?
2
What is the ten thousands digit of 26261257?
6
What is the ten millions digit of 3548071426?
4
What is the hundred thousands digit of 521251033?
2
What is the hundred millions digit of 589662549?
5
What is the units digit of 80998979?
9
What is the hundred millions digit of 644581864?
6
What is the thousands digit of 3575515613?
5
What is the hundreds digit of 2897915016?
0
What is the units digit of 18196278?
8
What is the ten thousands digit of 199270958?
7
What is the ten millions digit of 78564528?
7
What is the hundred thousands digit of 99529307?
5
What is the hundred thousands digit of 140804508?
8
What is the hundreds digit of 117569957?
9
What is the units digit of 91273644?
4
What is the hundred thousands digit of 181585693?
5
What is the thousands digit of 4532895611?
5
What is the hundreds digit of 56764176?
1
What is the ten thousands digit of 715942753?
4
What is the ten thousands digit of 18739322?
3
What is the hundreds digit of 86005742?
7
What is the thousands digit of 52913716?
3
What is the tens digit of 73567728?
2
What is the hundred thousands digit of 148512945?
5
What is the thousands digit of 580922663?
2
What is the hundred millions digit of 343811625?
3
What is the hundreds digit of 241318308?
3
What is the thousands digit of 99683293?
3
What is the tens digit of 4584795682?
8
What is the ten thousands digit of 476925050?
2
What is the millions digit of 794612264?
4
What is the ten millions digit of 1138658886?
3
What is the ten thousands digit of 26905869?
0
What is the ten millions digit of 34203363?
3
What is the hundreds digit of 20903923?
9
What is the hundreds digit of 246148309?
3
What is the millions digit of 338267370?
8
What is the thousands digit of 199893184?
3
What is the thousands digit of 106226015?
6
What is the millions digit of 61268022?
1
What is the millions digit of 1067688921?
7
What is the ten thousands digit of 59236692?
3
What is the tens digit of 1117419281?
8
What is the units digit of 346221300?
0
What is the tens digit of 28973858?
5
What is the tens digit of 50808454?
5
What is the hundred thousands digit of 251613093?
6
What is the thousands digit of 1153461094?
1
What is the billions digit of 1504556230?
1
What is the ten thousands digit of 456014964?
1
What is the millions digit of 1821793196?
1
What is the hundred millions digit of 2972384309?
9
What is the billions digit of 3858043731?
3
What is the hundreds digit of 1606999790?
7
What is the hundred thousands digit of 527374124?
3
What is the ten thousands digit of 1163360052?
6
What is the ten thousands digit of 631871472?
7
What is the tens digit of 652095016?
1
What is the units digit of 260028?
8
What is the units digit of 2868197335?
5
What is the units digit of 20793974?
4
What is the tens digit of 1315177253?
5
What is the hundred millions digit of 477155974?
4
What is the hundred thousands digit of 51778815?
7
What is the hundreds digit of 3699088231?
2
What is the hundreds digit of 89451937?
9
What is the hundred thousands digit of 2945367415?
3
What is the hundred millions digit of 185403391?
1
What is the thousands digit of 3732424703?
4
What is the tens digit of 82717387?
8
What is the units digit of 62544206?
6
What is the ten millions digit of 58761592?
5
What is the tens digit of 2416990793?
9
What is the ten millions digit of 170404956?
7
What is the hundreds digit of 166907787?
7
What is the hundred millions digit of 3610734485?
6
What is the hundreds digit of 8634760560?
5
What is the units digit of 351120076?
6
What is the millions digit of 4207422124?
7
What is the millions digit of 4161554496?
1
What is the hundred millions digit of 1501079419?
5
What is the hundred thousands digit of 99600834?
6
What is the hundred thousands digit of 120201639?
2
What is the hundreds digit of 28533344?
3
What is the thousands digit of 2631369865?
9
What is the millions digit of 149325578?
9
What is the hundred thousands digit of 42033953?
0
What is the hundred millions digit of 594975666?
5
What is the hundred thousands digit of 273690870?
6
What is the billions digit of 1030277745?
1
What is the ten millions digit of 568931430?
6
What is the ten thousands digit of 218835796?
3
What is the hundreds digit of 55434293?
2
What is the hundred millions digit of 247336785?
2
What is the ten thousands digit of 26466732?
6
What is the billions digit of 4142188788?
4
What is the hundred millions digit of 609450306?
6
What is the thousands digit of 28410049?
0
What is the tens digit of 3633408?
0
What is the millions digit of 992288988?
2
What is the billions digit of 5396574192?
5
What is the hundred thousands digit of 165392572?
3
What is the units digit of 14534808?
8
What is the tens digit of 126749348?
4
What is the hundreds digit of 1075609062?
0
What is the millions digit of 5956333903?
6
What is the units digit of 292901?
1
What is the ten millions digit of 31965895?
3
What is the hundreds digit of 466902456?
4
What is the millions digit of 2185927675?
5
What is the hundred thousands digit of 697909051?
9
What is the thousands digit of 559672548?
2
What is the hundred thousands digit of 112633882?
6
What is the hundred thousands digit of 254556884?
5
What is the units digit of 34455111?
1
What is the thousands digit of 751665103?
5
What is the units digit of 2171257?
7
What is the ten millions digit of 1477396287?
7
What is the millions digit of 128451897?
8
What is the hundreds digit of 3865328002?
0
What is the hundreds digit of 152069737?
7
What is the ten millions digit of 459878593?
5
What is the ten millions digit of 721230857?
2
What is the hundreds digit of 1754564591?
5
What is the tens digit of 4296822006?
0
What is the ten thousands digit of 1151731?
5
What is the thousands digit of 59801812?
1
What is the thousands digit of 163068823?
8
What is the ten thousands digit of 257549367?
4
What is the millions digit of 99855525?
9
What is the tens digit of 368356608?
0
What is the hundreds digit of 6272468575?
5
What is the hundred millions digit of 1800538288?
8
What is the millions digit of 26711982?
6
What is the units digit of 378457450?
0
What is the ten millions digit of 7819653334?
1
What is the thousands digit of 27459410?
9
What is the ten millions digit of 10495812?
1
What is the hundred thousands digit of 2074091482?
0
What is the ten thousands digit of 34156723?
5
What is the ten thousands digit of 217209831?
0
What is the ten millions digit of 51919667?
5
What is the ten millions digit of 177393975?
7
What is the hundred thousands digit of 6516904820?
9
What is the ten millions digit of 48769256?
4
What is the billions digit of 6057789841?
6
What is the units digit of 8221645?
5
What is the tens digit of 6475825679?
7
What is the hundreds digit of 26688082?
0
What